{"id":190,"date":"2024-05-16T01:01:09","date_gmt":"2024-05-15T23:01:09","guid":{"rendered":"http:\/\/192.168.0.52\/?page_id=190"},"modified":"2026-01-04T21:42:27","modified_gmt":"2026-01-04T20:42:27","slug":"cenik","status":"publish","type":"page","link":"https:\/\/makybovservis.cz\/index.php\/cenik\/","title":{"rendered":"Cen\u00edk"},"content":{"rendered":"\n<p class=\"has-text-align-center\">Martin B\u0159ou\u0161ek Garage &amp; Makybovservis Vacul\u00edkova 6 Brno 638 00 I\u010cO 21326461 Nejsme pl\u00e1tci DPH<\/p>\n\n\n\n<p class=\"has-text-align-center has-large-font-size\">Cen\u00edk z\u00e1kladn\u00edch servisn\u00edch \u010dinnost\u00ed a materi\u00e1l\u016f<\/p>\n\n\n\n<figure class=\"wp-block-table is-style-stripes\"><table class=\"has-ti-bg-background-color has-background has-fixed-layout\" style=\"border-width:1px\"><tbody><tr><td>Pr\u00e1ce mechanika asisten\u010dn\u00ed slu\u017eba \/ pr\u00e1ce mimo d\u00edlnu<\/td><td class=\"has-text-align-center\" data-align=\"center\">v pracovn\u00ed dny od 8-16 hod<\/td><td class=\"has-text-align-right\" data-align=\"right\">1 800 K\u010d\/hod<\/td><\/tr><tr><td><\/td><td class=\"has-text-align-center\" data-align=\"center\">ostatn\u00ed doba a ve sv\u00e1tek<\/td><td class=\"has-text-align-right\" data-align=\"right\">2 800 K\u010d\/hod<\/td><\/tr><tr><td>Pr\u00e1ce mechanika d\u00edlna ve zt\u00ed\u017een\u00fdch podm\u00ednk\u00e1ch (prach, chemick\u00e9 l\u00e1tky)<\/td><td class=\"has-text-align-center\" data-align=\"center\"><\/td><td class=\"has-text-align-right\" data-align=\"right\">1 400 K\u010d\/hod<\/td><\/tr><tr><td>Pr\u00e1ce mechanika d\u00edlna<\/td><td class=\"has-text-align-center\" data-align=\"center\"><\/td><td class=\"has-text-align-right\" data-align=\"right\">720 K\u010d\/hod<\/td><\/tr><\/tbody><\/table><\/figure>\n\n\n\n<p class=\"has-text-align-center has-large-font-size\">Diagnostika<\/p>\n\n\n\n<figure class=\"wp-block-table is-style-stripes\"><table class=\"has-fixed-layout\"><tbody><tr><td>Diagnostika z\u00e1kladn\u00ed vy\u010dten\u00ed chybov\u00fdch k\u00f3d\u016f z jedn\u00e9 \u0159\u00edd\u00edc\u00ed jednotky<\/td><td><\/td><td class=\"has-text-align-right\" data-align=\"right\">500 K\u010d<\/td><\/tr><tr><td>Diagnostika vy\u010dten\u00ed chybov\u00fdch k\u00f3d\u016f z v\u00edce \u0159\u00edd\u00edc\u00edch jednotek + drobn\u00e9 operace a nastaven\u00ed<\/td><td><\/td><td class=\"has-text-align-right\" data-align=\"right\">800 K\u010d<\/td><\/tr><tr><td>Diagnostika p\u0159izp\u016fsoben\u00ed a k\u00f3dov\u00e1n\u00ed \u0159\u00edd\u00edc\u00ed jednotky cena od<\/td><td><\/td><td class=\"has-text-align-right\" data-align=\"right\">2 000 K\u010d<\/td><\/tr><\/tbody><\/table><\/figure>\n\n\n\n<p class=\"has-text-align-center has-large-font-size\">STK a m\u011b\u0159en\u00ed emis\u00ed<\/p>\n\n\n\n<p class=\"has-text-align-center\">P\u0159ipravujeme vozy na STK a zajist\u00edme proveden\u00ed STK vozidlo mus\u00ed b\u00fdt zp\u016fsobil\u00e9 provozu na pozemn\u00edch komunikac\u00edch dle platn\u00e9 legislativy.<\/p>\n\n\n\n<figure class=\"wp-block-table is-style-stripes\"><table class=\"has-fixed-layout\"><tbody><tr><td>STK + ME Benz\u00ednov\u00fd motor<\/td><td class=\"has-text-align-right\" data-align=\"right\">4 300 K\u010d<\/td><\/tr><tr><td>STK + ME Benz\u00ednov\u00fd motor s LPG<\/td><td class=\"has-text-align-right\" data-align=\"right\">4 500 K\u010d<\/td><\/tr><tr><td>STK + ME Dieselov\u00fd motor<\/td><td class=\"has-text-align-right\" data-align=\"right\">4 500 K\u010d<\/td><\/tr><\/tbody><\/table><\/figure>\n\n\n\n<p class=\"has-text-align-center has-large-font-size\">B\u011b\u017en\u00fd servis<\/p>\n\n\n\n<figure class=\"wp-block-table is-style-stripes\"><table class=\"has-fixed-layout\"><tbody><tr><td>Form\u00e1tov\u00e1n\u00ed baterie (nab\u00edjen\u00ed)<\/td><td class=\"has-text-align-center\" data-align=\"center\">bez demont\u00e1\u017ee<\/td><td class=\"has-text-align-right\" data-align=\"right\">210 K\u010d<\/td><\/tr><tr><td>Renovace p\u0159edn\u00edch plastov\u00fdch sv\u011btel (brou\u0161en\u00edm, le\u0161t\u011bn\u00edm a kryc\u00edm polykarbon\u00e1tem) od<\/td><td class=\"has-text-align-center\" data-align=\"center\"><\/td><td class=\"has-text-align-right\" data-align=\"right\">850 K\u010d<\/td><\/tr><tr><td>Prohl\u00eddka vozu s diagnostick\u00fdm za\u0159\u00edzen\u00edm na zved\u00e1ku od<\/td><td class=\"has-text-align-center\" data-align=\"center\"><\/td><td class=\"has-text-align-right\" data-align=\"right\">960 K\u010d<\/td><\/tr><tr><td>V\u00fdm\u011bna oleje v motoru, olejov\u00e9ho filtru \/ kontrola stavu vozidla od<\/td><td class=\"has-text-align-center\" data-align=\"center\"><\/td><td class=\"has-text-align-right\" data-align=\"right\">1 200 K\u010d<\/td><\/tr><tr><td>V\u00fdm\u011bna oleje v motoru, olejov\u00e9ho, vzduchov\u00e9ho, palivov\u00e9ho a kabinov\u00e9ho filtru \/ kontrola stavu vozidla od<\/td><td class=\"has-text-align-center\" data-align=\"center\"><\/td><td class=\"has-text-align-right\" data-align=\"right\">1 600 K\u010d<\/td><\/tr><tr><td>V\u00fdm\u011bna oleje v mechanick\u00e9 p\u0159evodovce \/ rozvodovce nebo diferenci\u00e1lu od<\/td><td class=\"has-text-align-center\" data-align=\"center\"><\/td><td class=\"has-text-align-right\" data-align=\"right\">400 K\u010d<\/td><\/tr><tr><td>V\u00fdm\u011bna brzdov\u00e9ho oblo\u017een\u00ed na jedn\u00e9 n\u00e1prav\u011b od<\/td><td class=\"has-text-align-center\" data-align=\"center\"><\/td><td class=\"has-text-align-right\" data-align=\"right\">1 100 K\u010d<\/td><\/tr><tr><td>V\u00fdm\u011bna brzdov\u00e9 kapaliny kompletn\u00ed v brzdov\u00e9m syst\u00e9mu (bez materi\u00e1lu) od<\/td><td class=\"has-text-align-center\" data-align=\"center\"><\/td><td class=\"has-text-align-right\" data-align=\"right\">800 K\u010d<\/td><\/tr><tr><td>Se\u0159\u00edzen\u00ed sv\u011btel pomoc\u00ed regloskopu<\/td><td class=\"has-text-align-center\" data-align=\"center\"><\/td><td class=\"has-text-align-right\" data-align=\"right\">400 K\u010d<\/td><\/tr><tr><td>V\u00fdm\u011bna \u017e\u00e1rovek od<\/td><td class=\"has-text-align-center\" data-align=\"center\"><\/td><td class=\"has-text-align-right\" data-align=\"right\">50 K\u010d<\/td><\/tr><\/tbody><\/table><\/figure>\n\n\n\n<p class=\"has-text-align-center has-large-font-size\">Odborn\u00fd servis<\/p>\n\n\n\n<figure class=\"wp-block-table is-style-stripes\"><table class=\"has-fixed-layout\"><tbody><tr><td>V\u00fdm\u011bna rozvod\u016f motoru (bez materi\u00e1lu) od !!!!!<\/td><td class=\"has-text-align-right\" data-align=\"right\">2 750 K\u010d<\/td><\/tr><tr><td>V\u00fdm\u011bna oleje v automatick\u00e9 p\u0159evodovce dynamick\u00fdm pln\u00edc\u00edm za\u0159\u00edzen\u00edm s proplachem i bez (bez materi\u00e1lu)od<\/td><td class=\"has-text-align-right\" data-align=\"right\">2 800 K\u010d<\/td><\/tr><tr><td>Opravy motor\u016f, turbodmychadel, vst\u0159ikova\u010d\u016f a palivov\u00fdch \u010derpadel, AdBlue a DPF syst\u00e9m\u016f prov\u00e1d\u00edme sami <br>a ve spolupr\u00e1ci na\u0161ich partner\u016f ceny je nutn\u00e9 aktu\u00e1ln\u011b poptat<\/td><td class=\"has-text-align-right\" data-align=\"right\"><\/td><\/tr><\/tbody><\/table><\/figure>\n\n\n\n<p class=\"has-text-align-center has-large-font-size\">Klimatizace<\/p>\n\n\n\n<figure class=\"wp-block-table is-style-stripes\"><table class=\"has-fixed-layout\"><tbody><tr><td>Dezinfekce p\u011bnou (v\u00fdparn\u00edk a kan\u00e1ly veden\u00ed vzduchu) od<\/td><td class=\"has-text-align-right\" data-align=\"right\">1  300 K\u010d<\/td><\/tr><tr><td>Dezinfekce ozonem osobn\u00ed vozidlo<\/td><td class=\"has-text-align-right\" data-align=\"right\">600 K\u010d<\/td><\/tr><tr><td>Dezinfekce ozonem dod\u00e1vka \/ minibus<\/td><td class=\"has-text-align-right\" data-align=\"right\">1 200 K\u010d<\/td><\/tr><tr><td>Kontrola t\u011bsnosti klima syst\u00e9mu vakuem od<\/td><td class=\"has-text-align-right\" data-align=\"right\">600 K\u010d<\/td><\/tr><tr><td>Kontrola t\u011bsnosti klima syst\u00e9mu p\u0159etlakem dus\u00edku od<\/td><td class=\"has-text-align-right\" data-align=\"right\">1 500 K\u010d<\/td><\/tr><tr><td>Pln\u011bn\u00ed klimatizace chladivem R134a<\/td><td class=\"has-text-align-right\" data-align=\"right\">2.5 K\u010d\/g<\/td><\/tr><tr><td>Pln\u011bn\u00ed klimatizace chladivem 1234yf<\/td><td class=\"has-text-align-right\" data-align=\"right\">6  K\u010d\/g<\/td><\/tr><tr><td>Pln\u011bn\u00ed klimatizace napojen\u00ed na pln\u00edc\u00ed za\u0159\u00edzen\u00ed dle typu vozidla od<\/td><td class=\"has-text-align-right\" data-align=\"right\">500 K\u010d<\/td><\/tr><tr><td>Olej PAG\/PAO do klimatizace v\u010d. UV kontrastn\u00ed l\u00e1tky dopln\u011bn\u00ed od<\/td><td class=\"has-text-align-right\" data-align=\"right\">130 K\u010d<\/td><\/tr><\/tbody><\/table><\/figure>\n\n\n\n<p class=\"has-text-align-center has-large-font-size\">Pneuservis<\/p>\n\n\n\n<p class=\"has-text-align-center\">P\u0159ezut\u00ed vozidla na disc\u00edch v\u010d. dofouk\u00e1n\u00ed, vyv\u00e1\u017een\u00ed demont\u00e1\u017ei a mont\u00e1\u017ei na osy 4 kola v\u010d. z\u00e1va\u017e\u00ed do 25g\/kolo<\/p>\n\n\n\n<figure class=\"wp-block-table is-style-stripes\"><table class=\"has-fixed-layout\"><tbody><tr><td>do 16&#8243; plechov\u00e9 disky<\/td><td class=\"has-text-align-right\" data-align=\"right\">800 K\u010d<\/td><\/tr><tr><td>do 16&#8243; alu disky<\/td><td class=\"has-text-align-right\" data-align=\"right\">850 K\u010d<\/td><\/tr><tr><td>17&#8243; &#8211; 19&#8243; plechov\u00e9 disky<\/td><td class=\"has-text-align-right\" data-align=\"right\">850 K\u010d<\/td><\/tr><tr><td>17&#8243; &#8211; 19&#8243; alu disky<\/td><td class=\"has-text-align-right\" data-align=\"right\">900 K\u010d<\/td><\/tr><tr><td>20&#8243; plechov\u00e9 disky<\/td><td class=\"has-text-align-right\" data-align=\"right\">950 K\u010d<\/td><\/tr><tr><td>20&#8243; alu disky<\/td><td class=\"has-text-align-right\" data-align=\"right\">1 050 K\u010d<\/td><\/tr><tr><td>Z\u00e1va\u017e\u00ed nad 25g \/ kolo <\/td><td class=\"has-text-align-right\" data-align=\"right\"> 1 K\u010d\/1 g<\/td><\/tr><\/tbody><\/table><\/figure>\n\n\n\n<p class=\"has-text-align-center\">P\u0159ezut\u00ed vozidla kompletn\u00ed v\u010d. demont\u00e1\u017ee a mont\u00e1\u017ee pneu z a na disky 4 kola v\u010d. z\u00e1va\u017e\u00ed do 25g\/kolo<\/p>\n\n\n\n<figure class=\"wp-block-table is-style-stripes\"><table class=\"has-fixed-layout\"><tbody><tr><td>do 16&#8243; plechov\u00e9 disky<\/td><td class=\"has-text-align-right\" data-align=\"right\">1 050 K\u010d<\/td><\/tr><tr><td>do 16&#8243; alu disky<\/td><td class=\"has-text-align-right\" data-align=\"right\">1 250 K\u010d<\/td><\/tr><tr><td>17&#8243; &#8211; 19&#8243; plechov\u00e9 disky<\/td><td class=\"has-text-align-right\" data-align=\"right\">1 450 K\u010d<\/td><\/tr><tr><td>17&#8243; &#8211; 19&#8243; alu disky<\/td><td class=\"has-text-align-right\" data-align=\"right\">1 450 K\u010d<\/td><\/tr><tr><td>20&#8243; plechov\u00e9 disky<\/td><td class=\"has-text-align-right\" data-align=\"right\">1 850 K\u010d<\/td><\/tr><tr><td>20&#8243; alu disky<\/td><td class=\"has-text-align-right\" data-align=\"right\">2 650 K\u010d<\/td><\/tr><tr><td>RunFlat a n\u00edzko profilov\u00e9<\/td><td class=\"has-text-align-right\" data-align=\"right\">2 650 K\u010d<\/td><\/tr><tr><td>Z\u00e1va\u017e\u00ed nad 25g \/ kolo <\/td><td class=\"has-text-align-right\" data-align=\"right\">1 K\u010d\/1 g<\/td><\/tr><\/tbody><\/table><\/figure>\n\n\n\n<figure class=\"wp-block-table is-style-stripes\"><table class=\"has-fixed-layout\"><tbody><tr><td>Oprava defektu (\u0161pageta) od<\/td><td class=\"has-text-align-right\" data-align=\"right\">450 K\u010d<\/td><\/tr><tr><td>Oprava defektu (h\u0159ib) od<\/td><td class=\"has-text-align-right\" data-align=\"right\">750 K\u010d<\/td><\/tr><tr><td>Ventil vnit\u0159n\u00ed<\/td><td class=\"has-text-align-right\" data-align=\"right\">7 K\u010d\/ks<\/td><\/tr><tr><td>Ventil gumov\u00fd<\/td><td class=\"has-text-align-right\" data-align=\"right\">25 K\u010d\/ks<\/td><\/tr><tr><td>PE pytel na kolo<\/td><td class=\"has-text-align-right\" data-align=\"right\">25 K\u010d\/ks<\/td><\/tr><\/tbody><\/table><\/figure>\n\n\n\n<p class=\"has-text-align-center has-large-font-size\">Provozn\u00ed kapaliny<\/p>\n\n\n\n<p class=\"has-text-align-center\">Oleje motorov\u00e9<\/p>\n\n\n\n<figure class=\"wp-block-table is-style-stripes\"><table class=\"has-fixed-layout\"><tbody><tr><td>Olej 10W\/40<\/td><td><\/td><td><\/td><td class=\"has-text-align-right\" data-align=\"right\">160 K\u010d\/l<\/td><\/tr><tr><td>Olej 5W\/40<\/td><td><\/td><td><\/td><td class=\"has-text-align-right\" data-align=\"right\">260 K\u010d\/l<\/td><\/tr><tr><td>Olej 5W\/30<\/td><td>VW 504\/507 Ford PSA<\/td><td>Castrol, Shell, Manol, Liqui Moly<\/td><td class=\"has-text-align-right\" data-align=\"right\">290-390 K\u010d\/l<\/td><\/tr><\/tbody><\/table><\/figure>\n\n\n\n<p class=\"has-text-align-center\">Chlad\u00edc\u00ed sm\u011bsi &#8211; 36 \u00b0C +- 3 \u00b0C<\/p>\n\n\n\n<figure class=\"wp-block-table is-style-stripes\"><table class=\"has-fixed-layout\"><tbody><tr><td>G11<\/td><td class=\"has-text-align-right\" data-align=\"right\">105 K\u010d\/l<\/td><\/tr><tr><td>G12<\/td><td class=\"has-text-align-right\" data-align=\"right\">120 K\u010d\/l<\/td><\/tr><tr><td>G12++<\/td><td class=\"has-text-align-right\" data-align=\"right\">160 K\u010d\/l<\/td><\/tr><tr><td>G13 a ost.<\/td><td class=\"has-text-align-right\" data-align=\"right\">od 185 K\u010d\/l<\/td><\/tr><\/tbody><\/table><\/figure>\n\n\n\n<figure class=\"wp-block-table is-style-stripes\"><table class=\"has-fixed-layout\"><tbody><tr><td>Brzdov\u00e1 kapalina ATE SL 6 DOT 4 ESP<\/td><td class=\"has-text-align-right\" data-align=\"right\">450 K\u010d\/l<\/td><\/tr><tr><td>Kapalina do ost\u0159ikova\u010d\u016f zimn\u00ed &#8211; 20 \u00b0C<\/td><td class=\"has-text-align-right\" data-align=\"right\">45 K\u010d\/l<\/td><\/tr><tr><td>Kapalina do ost\u0159ikova\u010d\u016f letn\u00ed W\u00fcrth<\/td><td class=\"has-text-align-right\" data-align=\"right\">20 K\u010d\/l<\/td><\/tr><tr><td>Destilovan\u00e1 voda<\/td><td class=\"has-text-align-right\" data-align=\"right\">20 K\u010d\/l<\/td><\/tr><\/tbody><\/table><\/figure>\n\n\n\n<p class=\"has-text-align-center has-large-font-size\">\u017d\u00e1rovky z\u00e1kladn\u00ed typy<\/p>\n\n\n\n<figure class=\"wp-block-table is-style-stripes\"><table class=\"has-fixed-layout\"><tbody><tr><td class=\"has-text-align-left\" data-align=\"left\">H1 Bosch<\/td><td class=\"has-text-align-left\" data-align=\"left\">71 K\u010d<\/td><td class=\"has-text-align-left\" data-align=\"left\">P21W Bosch<\/td><td class=\"has-text-align-left\" data-align=\"left\">31 K\u010d<\/td><td class=\"has-text-align-left\" data-align=\"left\">12V1,2W celosklo<\/td><td class=\"has-text-align-right\" data-align=\"right\">10 K\u010d<\/td><\/tr><tr><td class=\"has-text-align-left\" data-align=\"left\">H3 Bosch<\/td><td class=\"has-text-align-left\" data-align=\"left\">66 K\u010d<\/td><td class=\"has-text-align-left\" data-align=\"left\">PY21W oran\u017eov\u00e1<\/td><td class=\"has-text-align-left\" data-align=\"left\">41 K\u010d<\/td><td class=\"has-text-align-left\" data-align=\"left\">P21\/5W<\/td><td class=\"has-text-align-right\" data-align=\"right\">31 K\u010d<\/td><\/tr><tr><td class=\"has-text-align-left\" data-align=\"left\">H4 Bosch<\/td><td class=\"has-text-align-left\" data-align=\"left\">120 K\u010d<\/td><td class=\"has-text-align-left\" data-align=\"left\">W5W celosklo<\/td><td class=\"has-text-align-left\" data-align=\"left\">23 K\u010d<\/td><td class=\"has-text-align-left\" data-align=\"left\">C5W sufit<\/td><td class=\"has-text-align-right\" data-align=\"right\">10 K\u010d<\/td><\/tr><tr><td class=\"has-text-align-left\" data-align=\"left\">H7 Bosch<\/td><td class=\"has-text-align-left\" data-align=\"left\">149 K\u010d<\/td><td class=\"has-text-align-left\" data-align=\"left\">WY5W celosklo<\/td><td class=\"has-text-align-left\" data-align=\"left\">37 K\u010d<\/td><td class=\"has-text-align-left\" data-align=\"left\">R5W<\/td><td class=\"has-text-align-right\" data-align=\"right\">21 K\u010d<\/td><\/tr><\/tbody><\/table><\/figure>\n\n\n\n<p class=\"has-text-align-center\">Ceny \u017e\u00e1rovek jsou pouze orienta\u010dn\u00ed! Mohou se v\u00fdrazn\u011b li\u0161it dle typu, v\u00fdrobce a balen\u00ed.<\/p>\n\n\n\n<p class=\"has-text-align-center has-large-font-size\">D\u016fle\u017eit\u00e9 upozorn\u011bn\u00ed!<\/p>\n\n\n\n<p class=\"has-text-align-center\">Montujeme v\u00fdhradn\u011b n\u00e1mi dodan\u00e9 d\u00edly! Z d\u016fvodu bezpe\u010dnosti pln\u011bn\u00ed z\u00e1ruk a kvality odveden\u00e9 pr\u00e1ce. Vlastn\u00ed d\u00edly lze pou\u017e\u00edt jen ve zcela v\u00fdjime\u010dn\u00fdch p\u0159\u00edpadech, nap\u0159\u00edklad veter\u00e1ni nebo t\u011b\u017eko dostupn\u00e9 d\u00edly na vozy z USA a podobn\u011b.  Jen po p\u0159edchoz\u00ed dohod\u011b.<\/p>\n\n\n\n<p class=\"has-text-align-center\">Tento cen\u00edk je platn\u00fd od 1. 5. 2025 Ceny oprav jsou uvedeny bez pou\u017eit\u00e9ho materi\u00e1lu! Pokud nen\u00ed uvedeno jinak.<\/p>\n","protected":false},"excerpt":{"rendered":"<p>Martin B\u0159ou\u0161ek Garage &amp; Makybovservis Vacul\u00edkova 6 Brno 638 00 I\u010cO 21326461 Nejsme pl\u00e1tci DPH Cen\u00edk z\u00e1kladn\u00edch servisn\u00edch \u010dinnost\u00ed a materi\u00e1l\u016f Pr\u00e1ce mechanika asisten\u010dn\u00ed slu\u017eba \/ pr\u00e1ce mimo d\u00edlnu v pracovn\u00ed dny od 8-16 hod 1 800 K\u010d\/hod ostatn\u00ed doba a ve sv\u00e1tek 2 800 K\u010d\/hod Pr\u00e1ce mechanika d\u00edlna ve zt\u00ed\u017een\u00fdch podm\u00ednk\u00e1ch (prach, chemick\u00e9 l\u00e1tky) [&hellip;]<\/p>\n","protected":false},"author":1,"featured_media":0,"parent":0,"menu_order":0,"comment_status":"closed","ping_status":"closed","template":"","meta":{"_themeisle_gutenberg_block_has_review":false,"footnotes":""},"class_list":["post-190","page","type-page","status-publish","hentry"],"_links":{"self":[{"href":"https:\/\/makybovservis.cz\/index.php\/wp-json\/wp\/v2\/pages\/190","targetHints":{"allow":["GET"]}}],"collection":[{"href":"https:\/\/makybovservis.cz\/index.php\/wp-json\/wp\/v2\/pages"}],"about":[{"href":"https:\/\/makybovservis.cz\/index.php\/wp-json\/wp\/v2\/types\/page"}],"author":[{"embeddable":true,"href":"https:\/\/makybovservis.cz\/index.php\/wp-json\/wp\/v2\/users\/1"}],"replies":[{"embeddable":true,"href":"https:\/\/makybovservis.cz\/index.php\/wp-json\/wp\/v2\/comments?post=190"}],"version-history":[{"count":36,"href":"https:\/\/makybovservis.cz\/index.php\/wp-json\/wp\/v2\/pages\/190\/revisions"}],"predecessor-version":[{"id":446,"href":"https:\/\/makybovservis.cz\/index.php\/wp-json\/wp\/v2\/pages\/190\/revisions\/446"}],"wp:attachment":[{"href":"https:\/\/makybovservis.cz\/index.php\/wp-json\/wp\/v2\/media?parent=190"}],"curies":[{"name":"wp","href":"https:\/\/api.w.org\/{rel}","templated":true}]}}